q = -5*q + s. What is the remainder when q is divided by 6?
3
Let m be (-10)/(-25)*(7 - 2). Suppose 0*r + 60 = 5*r. Suppose r = m*l + 2*l. Calculate the remainder when 9 is divided by l.
0
Let m(v) = -v**2 + 21*v + 31. Calculate the remainder when 371 is divided by m(21).
30
Let d = -57 - -108. What is the remainder when d is divided by 13?
12
Let c(p) = 7*p. Let q = 43 + -35. Calculate the remainder when c(2) is divided by q.
6
Suppose 7*f + 25 = 12*f. Suppose 5*v - 4*c - 351 = 0, -3*v + 298 = 2*c + 105. Suppose -f*d = v - 272. What is the remainder when d is divided by 14?
13
Suppose 6*a = -a + 70. Calculate the remainder when 18 is divided by a.
8
Let b = 6 - 6. Suppose b = 2*l - l - 5. Calculate the remainder when l is divided by 3.
2
Suppose k - 6 = 1. Suppose p = 2*n - 21, -2*n + k*n + p = 42. What is the remainder when 26 is divided by n?
8
Let t(l) = 2*l**2 + l - 4. Calculate the remainder when t(-5) is divided by 48/3 - 8/4.
13
Suppose -39*o - 95 = -40*o. What is the remainder when o is divided by 16?
15
Suppose 31 = 3*i + 5*u, 5*i = 2*u + 6 + 56. Suppose -2*r = 2*h - 4*r, 3*r = -h + i. Suppose 0 = w + 18*w - 38. Calculate the remainder when h is divided by w.
1
Let b(n) = 15*n + 1. Suppose -2*k = 3*t + k - 264, 0 = -t + 2*k + 88. Calculate the remainder when b(1) is divided by t/10 + 2/10.
7
Let r = 0 + 1. Calculate the remainder when ((-2)/(-4)*38)/1 is divided by (r - -2)*(-30)/(-9).
9
Let x(s) = -s + 5. What is the remainder when 43 is divided by x(-4)?
7
Suppose 3*g - m = 54, g = -2*m - 2 + 13. What is the remainder when g is divided by 11?
6
Let a = -596 - -404. Let r = 0 + 41. What is the remainder when r is divided by (-2)/(-7) + a/(-14)?
13
Suppose 40 = 6*b - 2*b + 2*k, -b + k = -10. Suppose -19 = -t + 9. Calculate the remainder when t is divided by b.
8
Let v(g) = -g**2 + 15*g + 2. Suppose 0 = -4*k + 3*k + 16. What is the remainder when v(11) is divided by k?
14
Let j = -3 + 13. Let d = 788 - 782. What is the remainder when j is divided by d?
4
Let u(o) = o**2 + 4*o + 5. Let y be u(-5). Calculate the remainder when 2 is divided by (-6)/(-21) - y/(-14).
0
Let l be (3/(-2))/((-3)/4). Suppose 2*n + 5*i - 8 = 0, -l*i + 16 = 4*n + 2*i. Calculate the remainder when (39/3)/(-4*1/(-4)) is divided by n.
1
Let f(d) = d**2 + d - 2. Let o = -8 - -15. What is the remainder when f(-5) is divided by o?
4
Suppose -3*v + 510 = 3*v. Calculate the remainder when v is divided by 43.
42
Let k be (40/(-30))/((-2)/6). Suppose k*b = -b + 55. Suppose -1 - 13 = -2*c. Calculate the remainder when b is divided by c.
4
Let m(f) be the second derivative of f**4/12 - f**3/3 - f**2 + 3*f. Calculate the remainder when m(-4) is divided by ((-2)/4)/(2/(-48)).
10
Let j = 39 + -15. What is the remainder when 119 is divided by j?
23
Let j(o) = -3*o - 2. Let b be j(-1). Let s = 7 - b. Calculate the remainder when (-117)/(-7) - (-4)/14 is divided by s.
5
Let c = 65 - 58. Suppose 52 = 2*u - 0*u. What is the remainder when u is divided by c?
5
Let h = 60 + -36. Calculate the remainder when 94 is divided by h.
22
Suppose 3*y = 4*i + 12, -3*i + 3*y - 12 = -0*i. Suppose -4*o - o + 30 = i. Calculate the remainder when 9 is divided by o.
3
Calculate the remainder when 196/7 + (-10)/2 is divided by 1/3 - (-38)/3.
10
Let d = 6 + -5. Suppose 5 - d = 4*r. What is the remainder when 2 is divided by r?
0
Let o = -242 - -80. What is the remainder when 3/(o/56 - -3) is divided by 10?
8
Suppose 2 = u, -5*c - u = -3*u - 156. Calculate the remainder when c is divided by 9.
5
Suppose 113 = 4*z + 1. Suppose -4*x + 27 + 33 = 0. Calculate the remainder when z is divided by x.
13
Suppose 2*p = -0*p + 34. Calculate the remainder when p is divided by 5.
2
Let x = 12 + -9. Suppose 7 = -x*c + 25. Calculate the remainder when c is divided by 2.
0
Suppose 5*k = 3*a - 7, -9 = -0*k - 5*k - a. Let t(w) = k + 42*w**2 - 3*w + 3*w - 2*w. What is the remainder when t(1) is divided by 14?
13
Let q = -11 - -27. Suppose -5 = -k - 4*b - 2, 1 = -5*k - 4*b. Let z(o) = 30*o**2 - o - 1. What is the remainder when z(k) is divided by q?
14
Let n(g) = -g - 1. What is the remainder when (-2)/4 - 93/(-6) is divided by n(-5)?
3
Suppose -30 = -2*z - 3*z. Suppose -10*d + 16 = -z*d. Let c(m) = -2*m + 5. Calculate the remainder when c(-5) is divided by d.
3
Let z(n) = -2*n + 8. Let q be z(-6). Let r = q - 12. Calculate the remainder when 23 is divided by r.
7
Suppose -3 - 2 = -c. Suppose 0 = q - 3*q - 2*l + 10, c*l = 10. Calculate the remainder when 10 is divided by q.
1
Let w = 3 + 5. Calculate the remainder when 39 is divided by w.
7
Let l = -4 + 2. Let p = 43 + l. Calculate the remainder when p is divided by 168/(-6)*2/(-4).
13
Suppose -5*g = -n - 19, -7 = -0*g - 2*g + n. Suppose g*j + 15 = 79. What is the remainder when j is divided by 87/15 - 3/(-15)?
4
Let v = 311 + -211. Let l = v + -62. What is the remainder when l is divided by 13?
12
Suppose -2*a = -130 + 12. Calculate the remainder when a is divided by 12.
11
Let w be 1*(-2 - -11)/1. Let q be (0 + w)*-4 - 0. Let g = -21 - q. What is the remainder when 43 is divided by g?
13
Suppose 84*c = 90*c - 1434. Calculate the remainder when c is divided by 22.
19
Let b(j) = -j - 6. Let g be b(-5). What is the remainder when (-3)/(-6) + (-57)/(-2) is divided by (-58)/(-6) - g/3?
9
Suppose -4*f + 3*f = -4. Suppose -2*b - 1 = -13. Calculate the remainder when b is divided by f.
2
Suppose n + 3*w + 130 = 5*n, 3*w - 142 = -4*n. Calculate the remainder when n is divided by 12.
10
Let u(z) = -z**3 + 7*z**2 - 8*z + 5. Let b be u(6). Let c(s) = -s**2 - 9*s - 1. Calculate the remainder when c(b) is divided by (18/(-12))/((-3)/14).
6
Let f = -1339 - -2730. Suppose -4976 = -5*l - f. Calculate the remainder when l/18 + (-2)/(-12) is divided by 14.
12
Suppose -4*i = -0*i + 20. Let q(u) = -u**2 - 8*u - 3. Suppose 4*h - 10 - 18 = 0. What is the remainder when q(i) is divided by h?
5
Let v be 42/6 + (-6)/(-2). Suppose 0 = -0*i - 2*i + v. What is the remainder when 14 is divided by i?
4
Suppose -4*l + 20 = -0*l. Suppose 3*g - 4*g = 5*r - 197, -l*r + 185 = -5*g. What is the remainder when r is divided by 10?
9
Let k be (455 - 5)/(3/2). Suppose -4*m = m - k. What is the remainder when m is divided by 21?
18
Suppose 2*y + x + 17 - 16 = 0, 3*x + 15 = 0. Let m = 1 - 0. Calculate the remainder when y is divided by m.
0
Suppose -5*j + 29 = 4, -3*g + 61 = 5*j. Calculate the remainder when 16 is divided by g.
4
Let w be 6/(-8)*(-12)/3. Calculate the remainder when w + 2 + (-1 - -1) is divided by 4.
1
Let q(u) = -u + 10. Let x = 32 + -18. What is the remainder when q(-17) is divided by x?
13
Suppose 2*i + 7 = 3*a, -5*a + 0*a + 4*i = -11. Calculate the remainder when (0 + 2)/(2/14) is divided by 6 - (-3 - a/(-3)).
6
Let d = -108 + 186. Calculate the remainder when d is divided by 20.
18
Let w = 2 - 0. Let t = 5 - 0. Suppose 8 = 5*a - 7, t*f + a = 8. What is the remainder when w is divided by f?
0
Suppose 0 = -4*w - 12, 2*w = -2*j - 3*w + 71. Suppose 0 - 17 = -g + 3*i, -3*g + i = -j. Let s = 8 + 0. Calculate the remainder when g is divided by s.
6
Suppose 4*d + 2*n - 296 = -2*n, 0 = d - 4*n - 64. Calculate the remainder when d is divided by 25.
22
Suppose 78 = 2*z + 2*f, -4*z - f = -3*f - 126. Calculate the remainder when 91 is divided by z.
23
Let q(g) = g**3 + 8*g**2 + 5*g - 8. What is the remainder when 10 is divided by q(-7)?
4
Suppose -4*a + 12 = -x, -4*x + 5*x = 0. Calculate the remainder when 3 is divided by (a - -2 - -1) + -3.
0
Suppose 5*p + 5*x = 10 + 35, -2*p = x - 13. What is the remainder when 36 is divided by 26/2*p/4?
10
Calculate the remainder when 1 + -10*(-3)/3 is divided by 2 - (-4 - (1 + -3)).
3
Suppose 4*q = 3*w - 33, -3*w - 5*q + 36 = -24. Let u(l) = -l**3 - 3*l**2 + l - 3. Calculate the remainder when w is divided by u(-4).
6
Suppose t - 51 = -4*o, 0 = -t + 4*o - 14 + 65. What is the remainder when t is divided by 14?
9
Let z(y) = -y**3 - 7*y**2 - 3*y - 10. What is the remainder when z(-7) is divided by 4?
3
Suppose -3*j - 25 = -4*j. Calculate the remainder when (0 - (-2)/3)/(2/147) is divided by j.
24
Suppose 3*u + 47 = z + 127, 0 = -2*u + 3*z + 65. What is the remainder when u is divided by 9?
7
What is the remainder when (-25)/((-1 - -3)/(-6)) is divided by 11?
9
Le